3330 - -3?
-3321
In base 7, what is 65 + -235?
-140
In base 2, what is -1010 + -1111?
-11001
In base 16, what is 6 - 2?
4
In base 6, what is -132 - 2?
-134
In base 6, what is -3 + 1411?
1404
In base 7, what is 1612 - -2?
1614
In base 8, what is 2 + -64?
-62
In base 6, what is -322 + -101?
-423
In base 6, what is -3 + -2453?
-2500
In base 9, what is -1 - 1617?
-1618
In base 10, what is -148 - -26?
-122
In base 2, what is 101011101 + -1001?
101010100
In base 6, what is 20524 - 3?
20521
In base 3, what is -110 - 1001?
-1111
In base 4, what is -2 + -1200?
-1202
In base 2, what is -10 + 1001000?
1000110
In base 9, what is 220 - 4?
215
In base 15, what is e5c + 3?
e60
In base 2, what is 10101 - -111100?
1010001
In base 15, what is a1 - 15?
8b
In base 7, what is -2 + -11043?
-11045
In base 6, what is -5 + 520?
511
In base 10, what is 2 + 2?
4
In base 11, what is 48 - -10?
58
In base 15, what is -b0 + 3?
-ac
In base 12, what is -28 - b?
-37
In base 12, what is -4090 + 1?
-408b
In base 14, what is -118 + 3?
-115
In base 6, what is 50 + -4?
42
In base 6, what is 23 + -335?
-312
In base 8, what is -22 - -203?
161
In base 7, what is -64500 - -5?
-64462
In base 13, what is -2592 - 2?
-2594
In base 9, what is 0 + 20?
20
In base 14, what is 3 - -db?
100
In base 14, what is 11 + -65?
-54
In base 4, what is 1331003 + 0?
1331003
In base 5, what is -3 + -11300?
-11303
In base 13, what is 84 - 6?
7b
In base 7, what is 113 - -30?
143
In base 12, what is 5 - -1010?
1015
In base 13, what is 214 + 8?
21c
In base 6, what is 523 + 31?
554
In base 2, what is 1110101 - 11?
1110010
In base 13, what is 1ab5 + 4?
1ab9
In base 4, what is 0 + -212121?
-212121
In base 16, what is -14a8 + 1?
-14a7
In base 15, what is -2e0 - 1?
-2e1
In base 15, what is -165 - -6?
-15e
In base 16, what is -ea - 7?
-f1
In base 12, what is 13a - -2?
140
In base 3, what is -10020 - -20?
-10000
In base 11, what is 178 + 70?
238
In base 11, what is 6 + -19?
-13
In base 11, what is -3 + 121?
119
In base 15, what is 70 + 1d?
8d
In base 4, what is -133 - -31?
-102
In base 8, what is -122 - -4?
-116
In base 2, what is -1 - 1111?
-10000
In base 13, what is 36 + 5a?
93
In base 15, what is e0 + 1?
e1
In base 3, what is 0 + 1101021?
1101021
In base 12, what is 0 + 34?
34
In base 8, what is -5054 + 1?
-5053
In base 12, what is -14 + 5?
-b
In base 15, what is -346 + 5?
-341
In base 5, what is -4230 + -14?
-4244
In base 5, what is -121 + 2?
-114
In base 10, what is 4 + 555?
559
In base 14, what is 690 + 5?
695
In base 11, what is -1 + -1277?
-1278
In base 12, what is a - -29?
37
In base 4, what is -23001 + -2?
-23003
In base 3, what is -11220 - 11?
-12001
In base 10, what is -218 - 3?
-221
In base 14, what is 6b - 8?
63
In base 2, what is -10010001 - -101?
-10001100
In base 4, what is 1 - -33220?
33221
In base 8, what is -406 + -106?
-514
In base 7, what is -35 + 6?
-26
In base 9, what is -17 + -1?
-18
In base 4, what is 3 + 311?
320
In base 13, what is -c9 - -13?
-b6
In base 10, what is 4 - -1590?
1594
In base 15, what is 11 + 2?
13
In base 6, what is -33133 + 2?
-33131
In base 6, what is 5 + 3400?
3405
In base 8, what is -361 + -2?
-363
In base 12, what is -5 + -26?
-2b
In base 3, what is -202 + -1?
-210
In base 11, what is -38 - 4?
-41
In base 6, what is -1521 - -5?
-1512
In base 3, what is -1002211 + 1?
-1002210
In base 12, what is -97 - 69?
-144
In base 13, what is 361 - -6?
367
In base 5, what is 1 - -20201?
20202
In base 11, what is 120a + 5?
1214
In base 8, what is -20651 + -1?
-20652
In base 7, what is -3140 - -4?
-3133
In base 3, what is -2002122 - 10?
-2002202
In base 3, what is 22102 - -1022?
100201
In base 16, what is -4d5 - -3?
-4d2
In base 8, what is -2040 - 3?
-2043
In base 9, what is 2451 + 4?
2455
In base 16, what is -6 - 20?
-26
In base 11, what is 4738 - 2?
4736
In base 12, what is -1 - -52?
51
In base 6, what is -242 + -131?
-413
In base 10, what is -6 - 1371?
-1377
In base 8, what is 12447 - 1?
12446
In base 13, what is -4 - 1886?
-188a
In base 2, what is -101011011 - -10?
-101011001
In base 11, what is 111 + -2?
10a
In base 10, what is -179 + 3?
-176
In base 6, what is 4 - -5?
13
In base 6, what is 22 - 0?
22
In base 3, what is -20201 - 1?
-20202
In base 15, what is 33de + -5?
33d9
In base 12, what is 7 - -242?
249
In base 9, what is -2781 + 3?
-2777
In base 7, what is -4014 + 0?
-4014
In base 9, what is -41 - -162?
121
In base 11, what is -9 + 1003?
aa5
In base 6, what is -30 + -44?
-114
In base 8, what is 331 + -2?
327
In base 10, what is 4 - -89?
93
In base 13, what is 21 - c?
12
In base 12, what is 94 + 2?
96
In base 6, what is 110 - -2?
112
In base 11, what is -7 - -429?
422
In base 5, what is -130000 + 1?
-124444
In base 16, what is -3 + 1f0?
1ed
In base 7, what is 1131 + -1?
1130
In base 5, what is 23 - 13130?
-13102
In base 9, what is -7543 - 2?
-7545
In base 6, what is 1 - -33?
34
In base 10, what is -35 + 25?
-10
In base 12, what is -13 + -3b?
-52
In base 5, what is -30444 + 21?
-30423
In base 12, what is 377 + -19?
35a
In base 5, what is 1342 + -10?
1332
In base 3, what is -1021102 - 12?
-1021121
In base 15, what is -2a - a?
-35
In base 8, what is 3455 + 2?
3457
In base 14, what is 1 - 84?
-83
In base 14, what is 3881 + 0?
3881
In base 3, what is -11121 - -111?
-11010
In base 14, what is -2c - 6?
-34
In base 14, what is -d + 10a3?
1094
In base 9, what is -24 + -27?
-52
In base 16, what is -e - -7?
-7
In base 16, what is -3f - -2?
-3d
In base 10, what is 67 + 63?
130
In base 8, what is 21 - 22?
-1
In base 2, what is -11 + 111000100?
111000001
In base 8, what is 211 + -4?
205
In base 3, what is 11011 - -11?
11022
In base 13, what is -354 + -2?
-356
In base 8, what is -10750 + 1?
-10747
In base 16, what is 28 - -1d?
45
In base 3, what is 1022 - -221121?
222220
In base 12, what is 5 + -221?
-218
In base 11, what is 83 - -2?
85
In base 2, what is -101001000 + -1?
-101001001
In base 6, what is 3513 - 5?
3504
In base 5, what is -4 + -34144?
-34203
In base 11, what is 118 + 0?
118
In base 13, what is 5 - -27?
2c
In base 13, what is a + -34?
-27
In base 6, what is -15 + 1?
-14
In base 5, what is -120221 - -10?
-120211
In base 12, what is 5 + -82?
-79
In base 11, what is 2 + 716?
718
In base 2, what is 1 - -1000001100001?
1000001100010
In base 5, what is -3 - -34302?
34244
In base 6, what is -330 + 4?
-322
In base 2, what is 100 - -10101110?
10110010
In base 10, what is 3056 + 6?
3062
In base 16, what is 4 - 682?
-67e
In base 14, what is 1169 - -5?
1170
In base 13, what is 0 - -b05?
b05
In base 8, what is 406 + -2?
404
In base 10, what is 5 + -5?
0
In base 16, what is 760 + 3?
763
In base 6, what is -2 - 1452?
-1454
In base 9, what is 5 + 3688?
3704
In base 11, what is 0 - -709?
709
In base 4, what is 10 - 30110?
-30100
In base 11, what is -3 - 20?
-23
In base 12, what is -16 + -b?
-25
In base 16, what is -4b + -2?
-4d
In base 14, what is 69 - 71?
-6
In base 4, what is 11 + 202201?
202212
In base 12, what is -28 + 8?
-20
In base 2, what is 101 + -1?
100
In base 4, what is 13 + -221?
-202
In base 11, what is 8a3 + -5?
899
In base 10, what is -290 - -1?
-289
In base 4, what is 1011 + 0?
1011
In base 5, what is 2 - 3243?
-3241
In base 2, what is -101 + -11001?
-11110
In base 3, what is -110 + 201110?
201000
In base 2, what is -1 + -10?
-11
In base 15, what is 0 + 2c?
2c
In base 5, what is -10 + 2323?
2313
In base 4, what is 10 + -1?
3
In base 13, what is 253 - -2?
255
In base 6, what is -4 - 112?
-120
In base 4, what is 1 + 313?
320
In base 2, what is 11 + -100101100?
-100101001
In base 14, what is a + -28?
-1c
In base 5, what is 1 - 20044?
-20043
In base 4, what is -31022 + 1?
-31021
In base 12, what is 5 + -2?
3
In base 11, what is 11660 - 3?
11658
In base 7, what is 4055 - 0?
4055
In base 7, what is 0 - -12026?
12026
In base 2, what is 1001 - 10011011?
-10010010
In base 7, what is -3 + -110?
-113
In base 16, what is -1 + 28?
27
In base 8, what is 451 + 1?
452
In base 8, what is -4 - -415?
411
In base 3, what is -220 - 11102?
-12022
In base 9, what is 3 + 1564?
1567
In base 9, what is -2760 + 4?
-2755
In base 3, what is -11 - -212022?
212011
In base 14, what is -86 + 2?
-84
In base 4, what is -3 + 331?
322
In base 3, what is 2 - -112?
121
In base 8, what is 3462 - 5?
3455
In base 15, 